, what is 100011011 + -1000111110011100001101?
-1000111110010111110010
In base 6, what is 21353 - -43011?
104404
In base 10, what is 1447134 - 11?
1447123
In base 4, what is 11002203 + -2113?
11000030
In base 2, what is 11010100100100010 + 110000?
11010100101010010
In base 6, what is -20 - -150313205?
150313145
In base 14, what is 5db8 + 760?
6738
In base 6, what is -4314334143 - -1?
-4314334142
In base 2, what is 1101111000000100 + 11000011101?
1110010000100001
In base 3, what is 1121110100 + -221?
1121102102
In base 12, what is -808 + -47b19?
-48725
In base 12, what is -5 + -8111a3a3?
-8111a3a8
In base 8, what is -6 + -10454222?
-10454230
In base 13, what is -32998a254 + -2?
-32998a256
In base 16, what is -20bbcd45 + -4?
-20bbcd49
In base 16, what is -6e9 - -c57?
56e
In base 10, what is -38353 - -735?
-37618
In base 8, what is 7 + 23462562?
23462571
In base 14, what is -bc1 + 21234?
20453
In base 15, what is -1ab + eb52?
e996
In base 15, what is -8b513 - 73?
-8b586
In base 3, what is 100102010 - -11000211?
111102221
In base 16, what is -42 + -32d779?
-32d7bb
In base 8, what is 15550307 + -135?
15550152
In base 5, what is 33 + -2414402?
-2414314
In base 4, what is -211330221 - -11132?
-211313023
In base 13, what is 206977aa - 5?
206977a5
In base 14, what is -1caacd5 + 5?
-1caacd0
In base 5, what is -1131 - -1000422?
444241
In base 13, what is -72a2645a - -2?
-72a26458
In base 10, what is -3 + -123187940?
-123187943
In base 3, what is 20001021 - 22212011?
-2210220
In base 4, what is -1101233332 + -20?
-1101300012
In base 13, what is 11c + 1818a?
182a9
In base 14, what is 1 + -1216d3?
-1216d2
In base 13, what is -3997a4 + -18b?
-399962
In base 4, what is 100322321020 + -2?
100322321012
In base 11, what is -10354639 + -16?
-10354654
In base 11, what is 0 + 759a55?
759a55
In base 5, what is -1440404002 - 203?
-1440404210
In base 6, what is -115413053 + -12?
-115413105
In base 13, what is -16c3 - -704?
-cbc
In base 11, what is -10a + -84a0?
-85aa
In base 12, what is -1977 - -1144?
-833
In base 13, what is -20 - -31198?
31178
In base 8, what is 275 - 3335270?
-3334773
In base 11, what is 16a19 - 1a96?
14a33
In base 10, what is 30 + 7809?
7839
In base 7, what is 4 + -565222026?
-565222022
In base 5, what is 1320 - 232302023?
-232300203
In base 15, what is -1 - -1ae97780?
1ae9777e
In base 8, what is 10014 - -120?
10134
In base 3, what is -10 - 200110212022101?
-200110212022111
In base 14, what is -9 - -5d85b3?
5d85a8
In base 13, what is b7a342b3 + -3?
b7a342b0
In base 6, what is 2321 - 13233502?
-13231141
In base 2, what is 10 - 110110111110111001000?
-110110111110111000110
In base 12, what is -405723 - 5?
-405728
In base 5, what is -3 + 10203413130?
10203413122
In base 3, what is -21010102010 + -2112100?
-21012221110
In base 13, what is -2545c9 - 9?
-254605
In base 8, what is 107013236 + -2?
107013234
In base 14, what is -978 - 946d?
-a007
In base 9, what is -2 + 57857122?
57857120
In base 7, what is 1116 + -323016?
-321600
In base 8, what is 1 + 57250140?
57250141
In base 3, what is 1221021012222 + -111?
1221021012111
In base 7, what is -4136 + -1201651?
-1206120
In base 12, what is -69 + 30713?
30666
In base 2, what is -110101110010000011 + -1111000?
-110101110011111011
In base 2, what is 11 - -100101101111101111100000?
100101101111101111100011
In base 7, what is 3210640561 + -5?
3210640553
In base 14, what is 82 + -130301?
-13025d
In base 15, what is -1e33800 - -3?
-1e337ec
In base 9, what is 1018774763 + -1?
1018774762
In base 13, what is 4724a7 - -24?
4724cb
In base 2, what is 101 + 1011001001000011000000001?
1011001001000011000000110
In base 14, what is 12 + 2acd023?
2acd035
In base 4, what is -33102111130 + 1?
-33102111123
In base 6, what is 5 + -142525451?
-142525442
In base 6, what is -1 + 3254510353?
3254510352
In base 12, what is 85338a - -71?
85343b
In base 16, what is 1 - -29bf07?
29bf08
In base 13, what is 49 + -b2b9a?
-b2b51
In base 13, what is -8 - 212216b?
-2122176
In base 7, what is 1541 - -15624?
20465
In base 9, what is 67 + -2472021?
-2471843
In base 5, what is 10 + -2020224134?
-2020224124
In base 3, what is -12221200 - 22100202101?
-22120201001
In base 6, what is 355214130 - -5?
355214135
In base 5, what is 224 + -1341423420?
-1341423141
In base 9, what is -68 - -4073160?
4073081
In base 14, what is -123d244 + 15?
-123d22d
In base 9, what is 78 + -22437?
-22348
In base 2, what is -11101001000011111110000000 - -10?
-11101001000011111101111110
In base 7, what is 1 + -25262053?
-25262052
In base 16, what is -10 + 59aade?
59aace
In base 5, what is -331103313023 - -4?
-331103313014
In base 14, what is -32 + 116b6d?
116b3b
In base 14, what is 1ad1d + 3?
1ad22
In base 12, what is 39 - -139980?
1399b9
In base 6, what is -123 + 3155043?
3154520
In base 10, what is 4 - 9898914?
-9898910
In base 2, what is -110001001001100110 + 100?
-110001001001100010
In base 4, what is 2303 - -12131102121?
12131111030
In base 6, what is -52553 + 1351021?
1254024
In base 5, what is -11101 + -334100442?
-334112043
In base 14, what is -187443c + 1?
-187443b
In base 8, what is -257564 - -505?
-257057
In base 16, what is -2 + 9ddc71?
9ddc6f
In base 7, what is -202 + 52210?
52005
In base 10, what is -580 - 18952?
-19532
In base 2, what is -10101101011 - -1011000100000?
1000010110101
In base 12, what is -1 + -2b03404?
-2b03405
In base 9, what is 671573 + -2?
671571
In base 12, what is 64192 - -38?
6420a
In base 9, what is 3 - 37861428?
-37861425
In base 5, what is 14140 - -30200?
44340
In base 15, what is 23771bb - 3?
23771b8
In base 4, what is 33 - 10233210031?
-10233203332
In base 13, what is 5b + -28c92?
-28c34
In base 6, what is -325323 + -203452?
-533215
In base 5, what is -1412 - 34133103?
-34140020
In base 5, what is 111 + 113323332210?
113323332321
In base 12, what is -b050a + 138?
-b0392
In base 5, what is 33442323 - -32?
33442410
In base 16, what is -c - -b1579?
b156d
In base 14, what is -1a25345 - -5?
-1a25340
In base 8, what is -25276007 + 0?
-25276007
In base 2, what is -110110001111101001001111011 - 101?
-110110001111101001010000000
In base 3, what is -11110211101 + -11010022?
-11121221200
In base 4, what is 1 - -120122300000?
120122300001
In base 16, what is -95 + -2eb0?
-2f45
In base 9, what is 56788 + -22812?
33876
In base 2, what is 111001 + 10010110010000101?
10010110010111110
In base 10, what is 117979442 + 4?
117979446
In base 2, what is -1000110101 - 100100011110101?
-100101100101010
In base 16, what is -8f367 + 13?
-8f354
In base 15, what is 2022b + 1?
2022c
In base 14, what is 1b30 - 31b8?
-1488
In base 9, what is 113 + 43361?
43474
In base 16, what is 1 + e56999?
e5699a
In base 7, what is 64135 - -151355?
245523
In base 6, what is 251 + -5303503?
-5303212
In base 12, what is 2 + 20a35a?
20a360
In base 6, what is 1511205054 - -5?
1511205103
In base 2, what is 111001011 - 11100001110?
-10101000011
In base 5, what is -13013 + 4424?
-3034
In base 16, what is -5 - -e50fb?
e50f6
In base 4, what is -2031002 + -20300110?
-22331112
In base 10, what is -466 + 6293?
5827
In base 7, what is -21323300 - -2?
-21323265
In base 7, what is 166 + -5053?
-4554
In base 10, what is 622343389 + 4?
622343393
In base 8, what is -45205 + -214252?
-261457
In base 11, what is -136 - 507192?
-507318
In base 3, what is -110111011 + -1011001011?
-1121112022
In base 5, what is 10 - -3030444142?
3030444202
In base 12, what is -3925a04 + -11?
-3925a15
In base 2, what is 101 - 1100010000101111111011?
-1100010000101111110110
In base 12, what is -85 + -1206b2?
-120777
In base 10, what is -1 + 624874?
624873
In base 10, what is 51190270 + 5?
51190275
In base 4, what is 32211112230110 + 0?
32211112230110
In base 12, what is -40003 - 141?
-40144
In base 2, what is -100111100111010001011 - 1001?
-100111100111010010100
In base 6, what is -1243530313 + -2?
-1243530315
In base 12, what is -251341 + 5?
-251338
In base 9, what is -10672118 - 11?
-10672130
In base 14, what is -3 + 51b43b?
51b438
In base 3, what is 120221011211 - -1010221?
120222022202
In base 9, what is -3837434 - -12?
-3837422
In base 14, what is -234 + -8c11?
-9045
In base 13, what is -728 + 40581?
3cb56
In base 3, what is 2221102120 - -11012011?
10002121201
In base 11, what is 1a07 + -3489?
-1582
In base 